Let k be 3 - (-457)/(-2)*(-2)/1. Let y = k - -101. List the prime factors of y.
3, 11, 17
Suppose 0*x + 3*x - 18 = -3*j, 5*j + 25 = 0. Suppose -7*s = x*s - 6174. What are the prime factors of s?
7
Let k(m) = m**3 - 2*m**2 - 21*m + 252. What are the prime factors of k(29)?
2, 3, 5, 149
Let g(u) = 4*u**3 - 28*u**2 + 93*u - 587. What are the prime factors of g(26)?
7, 11, 691
Let b(y) = -y**2 - 21*y - 19. Suppose -3 - 37 = 2*g. Let f be b(g). Let m(z) = 104*z**3 - z**2 - z + 1. What are the prime factors of m(f)?
103
Let p(v) = -v**3 + 7*v**2 - 5*v - 3. Let o be p(4). Suppose -2*d + 143 + o = 0. What are the prime factors of d - (-2)/(-1)*-1?
2, 43
Let l be (207/6)/((-42)/(-4984)). Suppose 19*f - 9643 - l = 0. List the prime factors of f.
3, 241
List the prime factors of 2623 + 21/(-9 + 6) + -8.
2, 163
Let g(p) = -p**3 + 13*p**2 - 13*p + 2. Let c be g(12). Let n = c + 10. Suppose n = 2*l - 161 - 47. What are the prime factors of l?
2, 13
Let l = -3761 + 14027. List the prime factors of l.
2, 3, 29, 59
Let n(f) = f**3 - 11*f**2 + 32. Let c be n(0). Let l(w) = 2*w**2 - 39*w + 25. List the prime factors of l(c).
3, 5, 11
Let h be -1*(3 - -2) - -12. Suppose 0 = 5*i - 10, -4*r + r + i = -h. Suppose -2*c = -r*c + 73. What are the prime factors of c?
73
Let f be ((-2)/(-4) + -2)*(-14)/21. Let r(u) = 114*u + 2. List the prime factors of r(f).
2, 29
Suppose -58*u + 72*u - 448 = 0. Suppose -4*d = -5*v + 3990, u*v - 33*v + 5*d = -819. What are the prime factors of v?
2, 397
Let g(v) = -3101*v**3 - 10*v**2 - 3*v + 17. What are the prime factors of g(-2)?
13, 1907
Let g(w) = 5*w + 8. Let p be g(-5). Let y(v) = 3*v + 56. Let a be y(p). Suppose -16 = -4*h, -3*h - h = a*i - 631. List the prime factors of i.
3, 41
Suppose 7978 - 132023 = -35*o + 132575. List the prime factors of o.
2, 3, 13, 47
Let j = 196 + -194. Suppose 2 - 12 = -2*s. Suppose d - 40 = -b, j*b + s*d = -b + 118. What are the prime factors of b?
41
Let i = 22 + -39. Suppose -17*d = -15*d - 138. Let j = d + i. What are the prime factors of j?
2, 13
Let t = -31 - -35. Let h be 1*(-16)/t*2*1. What are the prime factors of (-6)/h - (-602)/8?
2, 19
Suppose -16*f + 108 = -7*f. Let s(p) = f - 17*p + 0 - 10*p + 9*p. List the prime factors of s(-8).
2, 3, 13
Suppose -54*g + 496937 = -12*g - 110425. What are the prime factors of g?
14461
Suppose 13*v = -6*v + 10*v + 50364. What are the prime factors of v?
2, 1399
Let z(r) = -r**2 + 13*r - 27. Let i be z(11). Let c(k) = -k**3 - 4*k**2 + 3*k - 4. Let w be c(i). What are the prime factors of (2/w)/((-5)/(-3435))?
229
Let l(d) = 31*d**2 + 68*d - 482. List the prime factors of l(-39).
44017
Let n be (-51)/(-15) - 280/(-175). Let c(b) = 10*b**2 + 6*b - 10. Let t be c(-7). Suppose 4*f + 5*i = 549, f = 4*f - n*i - t. What are the prime factors of f?
3, 47
Let b be (-7)/((10/35)/(2 - 0)). Let l be (-6)/4*(1 - b/(-21)). Suppose 4*j = 2*j + 8, 3*g = -l*j + 446. What are the prime factors of g?
2, 73
Suppose -4*l + 17 = 1. Let y(b) = 5 - 31*b - 4 - 2*b**2 + 7 - l. What are the prime factors of y(-14)?
2, 23
Let y(h) = 6*h**3 + 7*h**2 - 9*h - 4. Let c be y(2). Let r = 7 - 3. Suppose 4*u = j - 0*u - c, 5*j - r*u = 238. What are the prime factors of j?
2, 23
Let y = 6017 - 3199. Let d = 4057 - y. What are the prime factors of d?
3, 7, 59
Let s = 1050 - 509. Suppose 2*c - 2289 = -3*k + s, c + 3766 = 4*k. List the prime factors of k.
2, 3, 157
Let j = -55 + -4. Let n = j + 64. Suppose -2*z - 4*p + 154 = 0, 3*z = -z - n*p + 296. What are the prime factors of z?
3, 23
Suppose -5*v = 20, -6*l + 120439 = -l - v. What are the prime factors of l?
3, 7, 31, 37
Let c(h) = 1208*h**2 - 74*h + 33. What are the prime factors of c(5)?
29863
Let s(g) = -13*g - 134. Let h be s(14). Let c = h - -471. What are the prime factors of c?
5, 31
Suppose 0 = 19*n - 14*n - 15. Suppose -o = -n*o + 12. Let q(k) = k**3 - 4*k**2 + 4*k - 10. List the prime factors of q(o).
2, 43
Let j = 197 - 212. What are the prime factors of 385 + (j/6)/(5/(-2))?
2, 193
Suppose -b = -2*i + 789 + 3592, -4*b - 17530 = -2*i. Let f = 6200 + b. List the prime factors of f.
23, 79
Let q = 272 - 270. Suppose q*m = -0*c + 4*c + 1808, -m + 910 = 4*c. List the prime factors of m.
2, 3, 151
Suppose 2*u - 3*b = -5, -u = 4*b - 0*b - 14. Let r(k) = 0 + 20*k + u*k**2 - 42 + 24. What are the prime factors of r(-15)?
2, 3, 11
Suppose 4*z = 5*n + 155, 2*z + z = 4*n + 116. What are the prime factors of (-3959)/(-6) - z/48?
659
Let w(t) be the second derivative of -t**3/3 + 23*t**2/2 - 17*t. Let p be w(9). Suppose -x + p*x = -q + 6, x + 5*q + 8 = 0. List the prime factors of x.
2
Suppose 4*v = -19*i + 16*i + 16011, -7993 = -2*v + i. List the prime factors of v.
3, 31, 43
Let m = -11 - -443. Let u = 743 - m. List the prime factors of u.
311
Let h be (1/(30/24))/(4/10). Suppose 0 = -h*u - 5*z + 21, 5*u + z = -z + 21. Suppose -4*s + 4 = 0, -u*r + 4*r = 5*s + 141. What are the prime factors of r?
2, 73
Let z(j) = j**3 - 19*j**2 - 19*j - 3. Let p = 44 - 24. Let i be z(p). Suppose -22*d = -i*d - 455. List the prime factors of d.
7, 13
Let u = -212 + 74. Let b = 943 + -1230. Let y = u - b. What are the prime factors of y?
149
Let a(p) = -5*p**3 + 2*p**2 + 11*p - 12. Let k be a(-12). What are the prime factors of (k/40)/((-4)/(-10))?
3, 61
Suppose -4*i + 160 = 6*i. What are the prime factors of i/6*25317/116?
2, 3, 97
Suppose 0 = -2*u + 4*g + 9820, -74*g + 77*g + 9 = 0. What are the prime factors of u?
2, 613
Suppose 0*w = 2*w - 3*w + 14257. List the prime factors of w.
53, 269
Let w be -1*(5/(-5) - 4). Suppose w*p + 440 = 5*i - 0*p, 3*i + 4*p - 285 = 0. Let q = 65 + i. List the prime factors of q.
2, 3, 13
Let k(r) = 3*r - 63. Let j be k(20). List the prime factors of -19*(121/44)/(j/12).
11, 19
Suppose 0 = -3*p - 133 - 89. Let x = p - -84. Suppose x*o = 3*o + 966. What are the prime factors of o?
2, 3, 23
Suppose -177 = 8*x + 7. Let b(i) = -i**2 - 35*i - 13. List the prime factors of b(x).
263
Let l = 9587 + -5627. What are the prime factors of l?
2, 3, 5, 11
Suppose 4*o = -2*c + 14400, -14405 = 11*c - 13*c - 3*o. What are the prime factors of c?
2, 5, 7, 103
Let u be (-911)/(((-20)/5 - -3) + 2). Let f = u - -1545. What are the prime factors of f?
2, 317
Suppose -b + 7634 = -v, v - 4 = 3*v. List the prime factors of b.
2, 3, 53
Suppose -f = -4*f - 12, 3*j - 2*f = 14. Let p(s) = -158 + 6*s + 151 + 0*s + 2*s**j. What are the prime factors of p(5)?
73
Let c = 122 - -565. Suppose -15*w + 648 + c = 0. What are the prime factors of w?
89
Suppose g + 2*n - 22 = -g, n - 71 = -5*g. Suppose -5*w + g = 4*p, 4*w = -3*p + 11 + 2. Suppose w*m - 21 = 6*m. List the prime factors of m.
3, 7
Suppose 0 = z - o - 7360, 3*z + 5*o - 1686 - 20402 = 0. List the prime factors of z.
17, 433
Let c be (-35)/3*(-105)/175. Suppose -102 + c = -19*o. List the prime factors of o.
5
Let n be (-8)/(-28) + 41/7*-5. Let b = 42 + n. Suppose 0 = b*x - 2249 + 117. List the prime factors of x.
2, 41
Let y(l) = 13*l + 23. Let i be y(-4). Let a = -29 - i. Suppose a = 23*h - 28*h + 190. List the prime factors of h.
2, 19
Let v be 924644/147 - ((-164)/42 - -4). Suppose v = 21*c - 4*c. What are the prime factors of c?
2, 5, 37
Let p = -363 - -335. What are the prime factors of (p/20 + 1)/(6/(-9300))?
2, 5, 31
Suppose 5*p + 2*q = 19, -3*p = 4*q + 372 - 375. Let n = 0 + 2. Suppose -8 = n*s, -5*s + 5 = p*h - 515. List the prime factors of h.
2, 3
List the prime factors of (-193 - -312)*1198/7.
2, 17, 599
List the prime factors of ((-15)/(-12) - 4/4)/((-9)/(-114084)).
3169
Let d be ((-4)/(-2) + -1 - 2)*-593. Let q = d + -40. List the prime factors of q.
7, 79
Suppose -2*s = -4*b - 4*s + 30, 0 = 2*s - 2. What are the prime factors of 81 - (b - (-4)/((-4)/3))?
7, 11
Let p = 124 - 121. What are the prime factors of p*2/24 - 50977/(-76)?
11, 61
Let k = 8 - 11. Let y be ((1120/(-6))/(-4))/(k/(-9)). Suppose 15*g = 13*g + y. List the prime factors of g.
2, 5, 7
Suppose 0 - 36 = 3*o. Let l(y) be the second derivative of -y**3/2 - 4*y**2 + 86*y + 2. List the prime factors of l(o).
2, 7
What are the prime factors of 8/(-16) - (-302049)/22?
13729
Suppose 0 = -3*r - 46 + 58. Suppose 19 = 5*s + 4*x, 2*s = r*x - 4 + 6. What are the prime factors of s?
3
Let j = 144 - 134. Suppose j*y = 15*y - 20. Supp